{"id":506,"date":"2018-01-25T23:12:29","date_gmt":"2018-01-25T22:12:29","guid":{"rendered":"http:\/\/colloqueapnee.fr\/?page_id=506"},"modified":"2024-01-25T10:09:33","modified_gmt":"2024-01-25T09:09:33","slug":"marion_noulhiane","status":"publish","type":"page","link":"https:\/\/colloqueapnee.fr\/index.php\/intervenants\/marion_noulhiane\/","title":{"rendered":"Marion Noulhiane"},"content":{"rendered":"<p><strong>&#8212; Chercheur en neuroscience et comp\u00e9titrice apn\u00e9e &#8212;<\/strong><\/p>\n<p>Marion, enseignante-chercheur \u00e0 Paris, viendra nous parler du cerveau, des m\u00e9canismes adaptatifs \u00e0 l&rsquo;hypoxie et les voies de recherches sur ces th\u00e8mes tr\u00e8s actuels.<\/p>\n<p style=\"text-align: right;\">\n","protected":false},"excerpt":{"rendered":"<p>&#8212; Chercheur en neuroscience et comp\u00e9titrice apn\u00e9e &#8212; Marion, enseignante-chercheur \u00e0 Paris, viendra nous parler du cerveau, des m\u00e9canismes adaptatifs&hellip; <\/p>\n","protected":false},"author":2,"featured_media":1102,"parent":91,"menu_order":0,"comment_status":"closed","ping_status":"closed","template":"page-templates\/gallery-template.php","meta":{"jetpack_post_was_ever_published":false,"footnotes":""},"jetpack_sharing_enabled":true,"jetpack_shortlink":"https:\/\/wp.me\/P9vMBa-8a","_links":{"self":[{"href":"https:\/\/colloqueapnee.fr\/index.php\/wp-json\/wp\/v2\/pages\/506"}],"collection":[{"href":"https:\/\/colloqueapnee.fr\/index.php\/wp-json\/wp\/v2\/pages"}],"about":[{"href":"https:\/\/colloqueapnee.fr\/index.php\/wp-json\/wp\/v2\/types\/page"}],"author":[{"embeddable":true,"href":"https:\/\/colloqueapnee.fr\/index.php\/wp-json\/wp\/v2\/users\/2"}],"replies":[{"embeddable":true,"href":"https:\/\/colloqueapnee.fr\/index.php\/wp-json\/wp\/v2\/comments?post=506"}],"version-history":[{"count":9,"href":"https:\/\/colloqueapnee.fr\/index.php\/wp-json\/wp\/v2\/pages\/506\/revisions"}],"predecessor-version":[{"id":1094,"href":"https:\/\/colloqueapnee.fr\/index.php\/wp-json\/wp\/v2\/pages\/506\/revisions\/1094"}],"up":[{"embeddable":true,"href":"https:\/\/colloqueapnee.fr\/index.php\/wp-json\/wp\/v2\/pages\/91"}],"wp:featuredmedia":[{"embeddable":true,"href":"https:\/\/colloqueapnee.fr\/index.php\/wp-json\/wp\/v2\/media\/1102"}],"wp:attachment":[{"href":"https:\/\/colloqueapnee.fr\/index.php\/wp-json\/wp\/v2\/media?parent=506"}],"curies":[{"name":"wp","href":"https:\/\/api.w.org\/{rel}","templated":true}]}}

<p><strong>&#8212; Chercheur en neuroscience et compétitrice apnée &#8212;</strong></p>
<p>Marion, enseignante-chercheur à Paris, viendra nous parler du cerveau, des mécanismes adaptatifs à l&rsquo;hypoxie et les voies de recherches sur ces thèmes très actuels.</p>
<p style="text-align: right;">

<p>&#8212; Chercheur en neuroscience et compétitrice apnée &#8212; Marion, enseignante-chercheur à Paris, viendra nous parler du cerveau, des mécanismes adaptatifs&hellip; </p>
