{"id":504,"date":"2018-01-25T23:12:53","date_gmt":"2018-01-25T22:12:53","guid":{"rendered":"http:\/\/colloqueapnee.fr\/?page_id=504"},"modified":"2024-01-25T10:02:13","modified_gmt":"2024-01-25T09:02:13","slug":"lords_of_ocean","status":"publish","type":"page","link":"https:\/\/colloqueapnee.fr\/index.php\/intervenants\/lords_of_ocean\/","title":{"rendered":"Lords of the Ocean"},"content":{"rendered":"<p><strong><span class=\"wixui-rich-text__text\">D\u00e9couvrez les aventures de<\/span> 4 ami.es passionn\u00e9s de requins<\/strong><\/p>\n<p><span class=\"wixui-rich-text__text\">Cyrielle, Armel, Benjamin et J\u00e9r\u00f4me<\/span> <span class=\"wixui-rich-text__text\">se battent pour prouver qu&rsquo;ils ne sont pas les grands mangeurs d&rsquo;\u00eatres humains pour lesquels on veut les faire passer.<\/span><\/p>\n<p>Lors du Colloque, nous projetterons quelques moments forts de leurs p\u00e9r\u00e9grinations, notamment des moments en apn\u00e9e avec les requins en Colombie ainsi que la d\u00e9couverte des esp\u00e8ces locales \u00e0 nos c\u00f4tes bretonnes.<\/p>\n","protected":false},"excerpt":{"rendered":"<p>D\u00e9couvrez les aventures de 4 ami.es passionn\u00e9s de requins Cyrielle, Armel, Benjamin et J\u00e9r\u00f4me se battent pour prouver qu&rsquo;ils ne&hellip; <\/p>\n","protected":false},"author":2,"featured_media":1098,"parent":91,"menu_order":0,"comment_status":"closed","ping_status":"closed","template":"page-templates\/gallery-template.php","meta":{"jetpack_post_was_ever_published":false,"footnotes":""},"jetpack_sharing_enabled":false,"jetpack_shortlink":"https:\/\/wp.me\/P9vMBa-88","_links":{"self":[{"href":"https:\/\/colloqueapnee.fr\/index.php\/wp-json\/wp\/v2\/pages\/504"}],"collection":[{"href":"https:\/\/colloqueapnee.fr\/index.php\/wp-json\/wp\/v2\/pages"}],"about":[{"href":"https:\/\/colloqueapnee.fr\/index.php\/wp-json\/wp\/v2\/types\/page"}],"author":[{"embeddable":true,"href":"https:\/\/colloqueapnee.fr\/index.php\/wp-json\/wp\/v2\/users\/2"}],"replies":[{"embeddable":true,"href":"https:\/\/colloqueapnee.fr\/index.php\/wp-json\/wp\/v2\/comments?post=504"}],"version-history":[{"count":15,"href":"https:\/\/colloqueapnee.fr\/index.php\/wp-json\/wp\/v2\/pages\/504\/revisions"}],"predecessor-version":[{"id":1099,"href":"https:\/\/colloqueapnee.fr\/index.php\/wp-json\/wp\/v2\/pages\/504\/revisions\/1099"}],"up":[{"embeddable":true,"href":"https:\/\/colloqueapnee.fr\/index.php\/wp-json\/wp\/v2\/pages\/91"}],"wp:featuredmedia":[{"embeddable":true,"href":"https:\/\/colloqueapnee.fr\/index.php\/wp-json\/wp\/v2\/media\/1098"}],"wp:attachment":[{"href":"https:\/\/colloqueapnee.fr\/index.php\/wp-json\/wp\/v2\/media?parent=504"}],"curies":[{"name":"wp","href":"https:\/\/api.w.org\/{rel}","templated":true}]}}