{"id":426,"date":"2018-01-14T19:28:56","date_gmt":"2018-01-14T18:28:56","guid":{"rendered":"http:\/\/colloqueapnee.fr\/?page_id=426"},"modified":"2024-02-20T10:28:31","modified_gmt":"2024-02-20T09:28:31","slug":"logements-et-autres","status":"publish","type":"page","link":"https:\/\/colloqueapnee.fr\/index.php\/logements-et-autres\/","title":{"rendered":"Logements et activit\u00e9s \u00e0 proximit\u00e9"},"content":{"rendered":"\n<p class=\"has-medium-font-size\"><img loading=\"lazy\" decoding=\"async\" width=\"1024\" height=\"381\" class=\"wp-image-1168\" style=\"width: 1024px;\" src=\"https:\/\/colloqueapnee.fr\/wp-content\/uploads\/2024\/02\/bandeauChateau.jpg\" alt=\"\" srcset=\"https:\/\/colloqueapnee.fr\/wp-content\/uploads\/2024\/02\/bandeauChateau.jpg 1024w, https:\/\/colloqueapnee.fr\/wp-content\/uploads\/2024\/02\/bandeauChateau-300x112.jpg 300w, https:\/\/colloqueapnee.fr\/wp-content\/uploads\/2024\/02\/bandeauChateau-768x286.jpg 768w\" sizes=\"(max-width: 1024px) 100vw, 1024px\" \/><\/p>\n\n\n\n<p class=\"has-medium-font-size\"><strong>Logements<\/strong><\/p>\n\n\n\n<p>En partenariat avec l&rsquo;office du tourisme de Foug\u00e8res, nous vous proposons une liste actualis\u00e9 de logements sur Foug\u00e8res et proximit\u00e9. Et si vous venez de loin, n&rsquo;h\u00e9sitez pas \u00e0 rester le WE entier :<\/p>\n\n\n\n<p><a href=\"https:\/\/colloqueapnee.fr\/wp-content\/uploads\/2024\/02\/ou_dormir_FOUGERES.pdf\">O\u00f9 dormir \u00e0 Foug\u00e8res ? (PDF)<\/a> (hotels, Chambres d&rsquo;h\u00f4tes&#8230;)<\/p>\n\n\n\n<p><a href=\"https:\/\/colloqueapnee.fr\/wp-content\/uploads\/2024\/02\/gites_FOUGERES.pdf\">Trouver un g\u00eete sur Foug\u00e8res (PDF)<\/a><\/p>\n\n\n\n<p>Bien entendu, les options de recherche en ligne restent utiles (booking.com, AirBnB&#8230;). Nous avons aussi une proposition de l\u2019h\u00f4tel des Voyageurs de Foug\u00e8res. Contactez les au 02 99 99 08 20 ou par mail  <a href=\"&#x6d;&#97;&#x69;&#x6c;&#116;&#x6f;&#x3a;&#104;&#x6f;&#x74;&#101;&#x6c;&#x2e;v&#x6f;&#x79;a&#x67;&#101;u&#x72;&#115;&#46;&#x66;&#111;u&#x67;&#101;r&#x65;&#115;0&#x31;&#64;g&#x6d;&#97;i&#x6c;&#46;c&#x6f;&#109;\" target=\"_blank\" rel=\"noreferrer noopener\">&#x68;o&#x74;e&#x6c;&#46;&#x76;&#111;y&#x61;g&#x65;&#117;&#x72;&#115;&#x2e;&#102;o&#x75;g&#x65;&#114;&#x65;&#115;&#x30;&#x31;&#64;&#x67;m&#x61;&#105;&#x6c;&#46;c&#x6f;m<\/a> en mentionnant le code promo : Apn\u00e9e35. Ils proposent un tarif pr\u00e9f\u00e9rentiel, inf\u00e9rieur de quelques euros \u00e0 celui que vous trouverez en ligne.<\/p>\n\n\n\n<p><strong>Restauration<\/strong><\/p>\n\n\n\n<p>Pour la pause repas du samedi (journ\u00e9e Colloque), des restaurations \u00e0 proximit\u00e9s seront propos\u00e9es. Pour vos soir\u00e9es sur place, voici un petit guide des tables de la r\u00e9gion:<\/p>\n\n\n\n<p><a href=\"https:\/\/colloqueapnee.fr\/wp-content\/uploads\/2024\/02\/ou_manger_FOUGERES.pdf\">O\u00f9 manger \u00e0 Foug\u00e8res ? (PDF)<\/a><\/p>\n\n\n\n<p><strong>Autres activit\u00e9s sur Foug\u00e8res et Rennes<\/strong><\/p>\n\n\n\n<p>Vous venez en famille et tout le monde n&rsquo;est pas passionn\u00e9 d&rsquo;apn\u00e9e ?<br>Pas de panique ! Nous avons aussi pour vous une liste d&rsquo;activit\u00e9s \u00e0 r\u00e9aliser et de lieux \u00e0 d\u00e9couvrir \u00e0 proximit\u00e9 pour tous les go\u00fbts et tous les ages !<\/p>\n\n\n\n<p><a href=\"https:\/\/colloqueapnee.fr\/wp-content\/uploads\/2024\/02\/activites_FOUGERES.pdf\">Activit\u00e9s sur Foug\u00e8res (PDF)<\/a> <\/p>\n\n\n\n<p><a href=\"https:\/\/colloqueapnee.fr\/wp-content\/uploads\/2024\/02\/carte_activites_pays_de_FOUGERES.pdf\">Le Top 20 des incontournables pour une journ\u00e9e \u00e0 Foug\u00e8res (PDF)<\/a><\/p>\n\n\n\n<p><a href=\"https:\/\/colloqueapnee.fr\/wp-content\/uploads\/2024\/02\/carte_destination_rennes.pdf\">Activit\u00e9s destination Rennes (PDF)<\/a><\/p>\n\n\n\n<p><\/p>\n","protected":false},"excerpt":{"rendered":"<p>Logements En partenariat avec l&rsquo;office du tourisme de Foug\u00e8res, nous vous proposons une liste actualis\u00e9 de logements sur Foug\u00e8res et&hellip; <\/p>\n","protected":false},"author":1,"featured_media":0,"parent":0,"menu_order":0,"comment_status":"closed","ping_status":"closed","template":"","meta":{"jetpack_post_was_ever_published":false,"footnotes":""},"jetpack_sharing_enabled":false,"jetpack_shortlink":"https:\/\/wp.me\/P9vMBa-6S","_links":{"self":[{"href":"https:\/\/colloqueapnee.fr\/index.php\/wp-json\/wp\/v2\/pages\/426"}],"collection":[{"href":"https:\/\/colloqueapnee.fr\/index.php\/wp-json\/wp\/v2\/pages"}],"about":[{"href":"https:\/\/colloqueapnee.fr\/index.php\/wp-json\/wp\/v2\/types\/page"}],"author":[{"embeddable":true,"href":"https:\/\/colloqueapnee.fr\/index.php\/wp-json\/wp\/v2\/users\/1"}],"replies":[{"embeddable":true,"href":"https:\/\/colloqueapnee.fr\/index.php\/wp-json\/wp\/v2\/comments?post=426"}],"version-history":[{"count":10,"href":"https:\/\/colloqueapnee.fr\/index.php\/wp-json\/wp\/v2\/pages\/426\/revisions"}],"predecessor-version":[{"id":1169,"href":"https:\/\/colloqueapnee.fr\/index.php\/wp-json\/wp\/v2\/pages\/426\/revisions\/1169"}],"wp:attachment":[{"href":"https:\/\/colloqueapnee.fr\/index.php\/wp-json\/wp\/v2\/media?parent=426"}],"curies":[{"name":"wp","href":"https:\/\/api.w.org\/{rel}","templated":true}]}}

Logements et activités à proximité

<p class="has-medium-font-size"><img loading="lazy" decoding="async" width="1024" height="381" class="wp-image-1168" style="width: 1024px;" src="https://colloqueapnee.fr/wp-content/uploads/2024/02/bandeauChateau.jpg" alt="" srcset="https://colloqueapnee.fr/wp-content/uploads/2024/02/bandeauChateau.jpg 1024w, https://colloqueapnee.fr/wp-content/uploads/2024/02/bandeauChateau-300x112.jpg 300w, https://colloqueapnee.fr/wp-content/uploads/2024/02/bandeauChateau-768x286.jpg 768w" sizes="(max-width: 1024px) 100vw, 1024px" /></p>



<p class="has-medium-font-size"><strong>Logements</strong></p>



<p>En partenariat avec l&rsquo;office du tourisme de Fougères, nous vous proposons une liste actualisé de logements sur Fougères et proximité. Et si vous venez de loin, n&rsquo;hésitez pas à rester le WE entier :</p>



<p><a href="https://colloqueapnee.fr/wp-content/uploads/2024/02/ou_dormir_FOUGERES.pdf">Où dormir à Fougères ? (PDF)</a> (hotels, Chambres d&rsquo;hôtes&#8230;)</p>



<p><a href="https://colloqueapnee.fr/wp-content/uploads/2024/02/gites_FOUGERES.pdf">Trouver un gîte sur Fougères (PDF)</a></p>



<p>Bien entendu, les options de recherche en ligne restent utiles (booking.com, AirBnB&#8230;). Nous avons aussi une proposition de l’hôtel des Voyageurs de Fougères. Contactez les au 02 99 99 08 20 ou par mail  <a href="&#x6d;&#97;&#x69;&#x6c;&#116;&#x6f;&#x3a;&#104;&#x6f;&#x74;&#101;&#x6c;&#x2e;v&#x6f;&#x79;a&#x67;&#101;u&#x72;&#115;&#46;&#x66;&#111;u&#x67;&#101;r&#x65;&#115;0&#x31;&#64;g&#x6d;&#97;i&#x6c;&#46;c&#x6f;&#109;" target="_blank" rel="noreferrer noopener">&#x68;o&#x74;e&#x6c;&#46;&#x76;&#111;y&#x61;g&#x65;&#117;&#x72;&#115;&#x2e;&#102;o&#x75;g&#x65;&#114;&#x65;&#115;&#x30;&#x31;&#64;&#x67;m&#x61;&#105;&#x6c;&#46;c&#x6f;m</a> en mentionnant le code promo : Apnée35. Ils proposent un tarif préférentiel, inférieur de quelques euros à celui que vous trouverez en ligne.</p>



<p><strong>Restauration</strong></p>



<p>Pour la pause repas du samedi (journée Colloque), des restaurations à proximités seront proposées. Pour vos soirées sur place, voici un petit guide des tables de la région:</p>



<p><a href="https://colloqueapnee.fr/wp-content/uploads/2024/02/ou_manger_FOUGERES.pdf">Où manger à Fougères ? (PDF)</a></p>



<p><strong>Autres activités sur Fougères et Rennes</strong></p>



<p>Vous venez en famille et tout le monde n&rsquo;est pas passionné d&rsquo;apnée ?<br>Pas de panique ! Nous avons aussi pour vous une liste d&rsquo;activités à réaliser et de lieux à découvrir à proximité pour tous les goûts et tous les ages !</p>



<p><a href="https://colloqueapnee.fr/wp-content/uploads/2024/02/activites_FOUGERES.pdf">Activités sur Fougères (PDF)</a> </p>



<p><a href="https://colloqueapnee.fr/wp-content/uploads/2024/02/carte_activites_pays_de_FOUGERES.pdf">Le Top 20 des incontournables pour une journée à Fougères (PDF)</a></p>



<p><a href="https://colloqueapnee.fr/wp-content/uploads/2024/02/carte_destination_rennes.pdf">Activités destination Rennes (PDF)</a></p>



<p></p>

<p>Logements En partenariat avec l&rsquo;office du tourisme de Fougères, nous vous proposons une liste actualisé de logements sur Fougères et&hellip; </p>
