{"id":30,"date":"2016-08-08T15:47:00","date_gmt":"2016-08-08T15:47:00","guid":{"rendered":"http:\/\/localhost\/wordpress\/event\/?page_id=30"},"modified":"2024-02-22T23:26:56","modified_gmt":"2024-02-22T22:26:56","slug":"ou-et-quand","status":"publish","type":"page","link":"https:\/\/colloqueapnee.fr\/index.php\/front-page-features\/ou-et-quand\/","title":{"rendered":"Acc\u00e8s"},"content":{"rendered":"<hr \/>\n<h4>Le Colloque Apn\u00e9e (journ\u00e9e du samedi 20 avril) aura lieu au Centre Culturel de Foug\u00e8res (<em>Juliette Drouet)<br \/>Attention : le lendemain (dimanche 21 avril) les activit\u00e9s en ateliers se d\u00e9rouleront \u00e0 Rennes et \u00e0 Foug\u00e8res. V\u00e9rifiez bien l&rsquo;endroit.<br \/><\/em><\/h4>\n<p><!--more-->Le centre culturel de Foug\u00e8res est situ\u00e9 r<span class=\"LrzXr\">ue du Gu\u00e9 Maheu<\/span>.<\/p>\n<h4>Plan d&rsquo;acc\u00e8s au centre culturel :<\/h4>\n\n\n<figure class=\"wp-block-image size-full\"><a href=\"https:\/\/maps.app.goo.gl\/Ph3EsxfthZNWcwzM7\"><img loading=\"lazy\" decoding=\"async\" width=\"758\" height=\"328\" src=\"https:\/\/colloqueapnee.fr\/wp-content\/uploads\/2023\/12\/location.jpg\" alt=\"\" class=\"wp-image-1075\" srcset=\"https:\/\/colloqueapnee.fr\/wp-content\/uploads\/2023\/12\/location.jpg 758w, https:\/\/colloqueapnee.fr\/wp-content\/uploads\/2023\/12\/location-300x130.jpg 300w\" sizes=\"(max-width: 758px) 100vw, 758px\" \/><\/a><\/figure>\n","protected":false},"excerpt":{"rendered":"<p>Le Colloque Apn\u00e9e (journ\u00e9e du samedi 20 avril) aura lieu au Centre Culturel de Foug\u00e8res (Juliette Drouet)Attention : le lendemain&hellip; <\/p>\n","protected":false},"author":1,"featured_media":887,"parent":34,"menu_order":0,"comment_status":"closed","ping_status":"closed","template":"","meta":{"jetpack_post_was_ever_published":false,"footnotes":""},"jetpack_sharing_enabled":true,"jetpack_shortlink":"https:\/\/wp.me\/P9vMBa-u","_links":{"self":[{"href":"https:\/\/colloqueapnee.fr\/index.php\/wp-json\/wp\/v2\/pages\/30"}],"collection":[{"href":"https:\/\/colloqueapnee.fr\/index.php\/wp-json\/wp\/v2\/pages"}],"about":[{"href":"https:\/\/colloqueapnee.fr\/index.php\/wp-json\/wp\/v2\/types\/page"}],"author":[{"embeddable":true,"href":"https:\/\/colloqueapnee.fr\/index.php\/wp-json\/wp\/v2\/users\/1"}],"replies":[{"embeddable":true,"href":"https:\/\/colloqueapnee.fr\/index.php\/wp-json\/wp\/v2\/comments?post=30"}],"version-history":[{"count":36,"href":"https:\/\/colloqueapnee.fr\/index.php\/wp-json\/wp\/v2\/pages\/30\/revisions"}],"predecessor-version":[{"id":1172,"href":"https:\/\/colloqueapnee.fr\/index.php\/wp-json\/wp\/v2\/pages\/30\/revisions\/1172"}],"up":[{"embeddable":true,"href":"https:\/\/colloqueapnee.fr\/index.php\/wp-json\/wp\/v2\/pages\/34"}],"wp:featuredmedia":[{"embeddable":true,"href":"https:\/\/colloqueapnee.fr\/index.php\/wp-json\/wp\/v2\/media\/887"}],"wp:attachment":[{"href":"https:\/\/colloqueapnee.fr\/index.php\/wp-json\/wp\/v2\/media?parent=30"}],"curies":[{"name":"wp","href":"https:\/\/api.w.org\/{rel}","templated":true}]}}

Accès

<hr />
<h4>Le Colloque Apnée (journée du samedi 20 avril) aura lieu au Centre Culturel de Fougères (<em>Juliette Drouet)<br />Attention : le lendemain (dimanche 21 avril) les activités en ateliers se dérouleront à Rennes et à Fougères. Vérifiez bien l&rsquo;endroit.<br /></em></h4>
<p><!--more-->Le centre culturel de Fougères est situé r<span class="LrzXr">ue du Gué Maheu</span>.</p>
<h4>Plan d&rsquo;accès au centre culturel :</h4>


<figure class="wp-block-image size-full"><a href="https://maps.app.goo.gl/Ph3EsxfthZNWcwzM7"><img loading="lazy" decoding="async" width="758" height="328" src="https://colloqueapnee.fr/wp-content/uploads/2023/12/location.jpg" alt="" class="wp-image-1075" srcset="https://colloqueapnee.fr/wp-content/uploads/2023/12/location.jpg 758w, https://colloqueapnee.fr/wp-content/uploads/2023/12/location-300x130.jpg 300w" sizes="(max-width: 758px) 100vw, 758px" /></a></figure>

<p>Le Colloque Apnée (journée du samedi 20 avril) aura lieu au Centre Culturel de Fougères (Juliette Drouet)Attention : le lendemain&hellip; </p>
