{"id":21,"date":"2016-08-08T15:46:12","date_gmt":"2016-08-08T15:46:12","guid":{"rendered":"http:\/\/localhost\/wordpress\/event\/?page_id=21"},"modified":"2024-04-16T23:33:47","modified_gmt":"2024-04-16T21:33:47","slug":"pour-quel-public","status":"publish","type":"page","link":"https:\/\/colloqueapnee.fr\/index.php\/front-page-features\/pour-quel-public\/","title":{"rendered":"Contenu des 2 jours !"},"content":{"rendered":"<h5>Ce second colloque Apn\u00e9e s&rsquo;adresse aux pratiquants apn\u00e9istes, passionn\u00e9s ou occasionnels (venant de disciplines voisines comme la plong\u00e9e bouteille, la chasse sous-marine&#8230;).<\/h5>\n<p>Notre objectif est de vous proposer un programme vari\u00e9, pour tous les go\u00fbts.<\/p>\n<p>Et si une intervention ne vous int\u00e9resse pas, vous pourrez toujours faire un tour dans la zone des associations\/structures commerciales Apn\u00e9e \u00e0 proximit\u00e9.<\/p>\n<h3><em>Th\u00e8mes abord\u00e9s sur la journ\u00e9e Colloque (Samedi 20 avril, 9H &#8211; 19H) :<\/em><\/h3>\n<h3>Du pointu et de la technicit\u00e9<\/h3>\n<p>&#8230;avec une championne et coach d&rsquo;un champion du monde (Chantal Marzin, organisatrice des prochains mondiaux AIDA, coach d\u2019Abdelatif Alouach) qui nous vient de Corse pour partager sa passion et son exp\u00e9rience.<br \/>\nGuillaume Lescure, entra\u00eeneur de nos athl\u00e8tes de l&rsquo;\u00e9quipe de France nous fera aussi partager sa d\u00e9marche&#8230;<\/p>\n<h3>Une plong\u00e9e dans la physiologie<\/h3>\n<p>&#8230;avec Marion Noulhaine, enseignante-chercheur \u00e0 Paris, qui viendra nous parler du cerveau, des m\u00e9canismes adaptatifs \u00e0 l\u2019hypoxie et les voies de recherches sur ces th\u00e8mes tr\u00e8s actuels.<\/p>\n<h3>De quoi nous faire r\u00eaver un peu<\/h3>\n<p>&#8230;avec de magnifiques clich\u00e9s, vid\u00e9o en apn\u00e9e ou d&rsquo;apn\u00e9istes avec Lord of Ocean et Tangui Le goff. Essentiellement autours des requins, un peu partout autours du globe, y compris en Bretagne.<\/p>\n<h3>De la pr\u00e9paration physique et mentale pour tout un chacun<\/h3>\n<p>&#8230;des informations pointues en pr\u00e9paration physique avec Nicolas Cogrel, ost\u00e9opathe, qui partagera le r\u00e9sultat de son \u00e9tude sur des apn\u00e9istes. Ainsi que Th\u00e9o Rouxel, Kin\u00e9 qui fera un retour d&rsquo;exp\u00e9rience sur ses actions pr\u00e9paratoires lors de comp\u00e9titions d&rsquo;apn\u00e9e.<\/p>\n<p>&#8230;un pas vers l&rsquo;auto-hypnose avec Hypn\u00e9e. Sylvie Pouliquen nous guidera sur le chemin d&rsquo;une forme de pr\u00e9paration mentale !<\/p>\n<h3>Et se remettre \u00e0 jour<\/h3>\n<p>&#8230;avec des \u00e9clairages sur la capacit\u00e9 \u00e0 vos clubs et sections Apn\u00e9e \u00e0 s&rsquo;ouvrir \u00e0 des publics vari\u00e9s comme le public Sport-Sant\u00e9 et\/ou les personnes en situation de Handicap. Un \u00e9clairage particulier sera fait sur la notion inclusive qui permet cette int\u00e9gration sans cadres sp\u00e9cifiques et am\u00e9nagements lourds (par S\u00e9bastien L\u00e9on, co-r\u00e9dacteur du cursus Handisub Apn\u00e9e)<\/p>\n<p>&#8230;avec des \u00e9l\u00e9ments pr\u00e9cis de la part de notre m\u00e9decin r\u00e9f\u00e9rent f\u00e9d\u00e9ral antidopage FFESSM sur la notion de dopage (en apn\u00e9e ou autre discipline sportive) et les AUT (Autorisation d\u2019Utilisation \u00e0 des fins Th\u00e9rapeutiques).<\/p>\n<h3><\/h3>\n<h3><em>Ateliers propos\u00e9s le lendemain (le dimanche 21 avril) :<br \/>\n<\/em><\/h3>\n<h4><em>(reportez vous \u00e0 la billetterie pour les frais de participation)<\/em><\/h4>\n<ul>\n<li>Acc\u00e8s \u00e0 la <strong>Base de Plong\u00e9e de Foug\u00e8res<\/strong> et ses ateliers Apn\u00e9e (environ 9H-13H).<br \/>\nAccessible aux membres auto-encadr\u00e9s d&rsquo;un club ou en inscriptions individuelles avec l&rsquo;encadrement de nos moniteurs du 35. (les clubs auto-encadr\u00e9s resteront n\u00e9anmoins sous la responsabilit\u00e9 d&rsquo;un moniteur du 35 qui agira en qualit\u00e9 de DP)<\/li>\n<li>A la Maison des Sports de Rennes, avec Yannick Saluden (formateur Moving Limits)<br \/>\n<strong>Atelier en salle sur la compensation avanc\u00e9e<\/strong> (12 places) de 8H00 \u00e0 10H30<\/li>\n<li>A la fosse de Rennes, en partenariat avec le club CASAR, avec Yannick Saluden<br \/>\n<strong>Application des \u00e9l\u00e9ments th\u00e9oriques de compensation<\/strong> (8 places) de 11H00 \u00e0 13H00<br \/>\n(seuls les participants \u00e0 l&rsquo;atelier th\u00e9orique peuvent venir \u00e0 la pratique, mais 8 places seulement)<\/li>\n<li>A la Maison des Sports de Rennes, avec des cadres Handisub<br \/>\n<strong>Atelier sur le th\u00e8me de l\u2019accueil Handisub et Sport Sant\u00e9 et les pratiques inclusives<\/strong><br \/>\nPartage de retours d&rsquo;exp\u00e9riences, discussions sur vos cas pratiques ou vos interrogations, etc&#8230;<\/li>\n<li>A la Maison des Sports de Rennes, avec Sylvie Pouliquen de Hypn\u00e9e<br \/>\n<strong>Atelier cadre : 9H &#8211; 10H30 : Apprendre \u00e0 animer une session de relaxation sous hypnose, techniques de visualisation et ancrages<br \/>\n<\/strong>Public : encadrants ou futurs encadrants<br \/>\nNombre de places max : 14 ; Tarif Colloque : 32 \u20ac<br \/>\n<strong>Atelier apneiste : 11H &#8211; 12H30 : Pr\u00e9paration mentale et auto-hypnose<\/strong><br \/>\nPublic : tous les apn\u00e9istes, quel que soit le niveau<br \/>\nNombre de places max : 20 ; Tarif Colloque : 26 \u20ac<br \/>\n<a href=\"https:\/\/colloqueapnee.fr\/index.php\/sylvie-pouliquen-hypnee\/\">Plus d&rsquo;info sur la page Hypn\u00e9e&#8230;<\/a><\/li>\n<\/ul>\n","protected":false},"excerpt":{"rendered":"<p>Ce second colloque Apn\u00e9e s&rsquo;adresse aux pratiquants apn\u00e9istes, passionn\u00e9s ou occasionnels (venant de disciplines voisines comme la plong\u00e9e bouteille, la&hellip; <\/p>\n","protected":false},"author":1,"featured_media":886,"parent":34,"menu_order":0,"comment_status":"closed","ping_status":"closed","template":"","meta":{"jetpack_post_was_ever_published":false,"footnotes":""},"jetpack_sharing_enabled":true,"jetpack_shortlink":"https:\/\/wp.me\/P9vMBa-l","_links":{"self":[{"href":"https:\/\/colloqueapnee.fr\/index.php\/wp-json\/wp\/v2\/pages\/21"}],"collection":[{"href":"https:\/\/colloqueapnee.fr\/index.php\/wp-json\/wp\/v2\/pages"}],"about":[{"href":"https:\/\/colloqueapnee.fr\/index.php\/wp-json\/wp\/v2\/types\/page"}],"author":[{"embeddable":true,"href":"https:\/\/colloqueapnee.fr\/index.php\/wp-json\/wp\/v2\/users\/1"}],"replies":[{"embeddable":true,"href":"https:\/\/colloqueapnee.fr\/index.php\/wp-json\/wp\/v2\/comments?post=21"}],"version-history":[{"count":25,"href":"https:\/\/colloqueapnee.fr\/index.php\/wp-json\/wp\/v2\/pages\/21\/revisions"}],"predecessor-version":[{"id":1204,"href":"https:\/\/colloqueapnee.fr\/index.php\/wp-json\/wp\/v2\/pages\/21\/revisions\/1204"}],"up":[{"embeddable":true,"href":"https:\/\/colloqueapnee.fr\/index.php\/wp-json\/wp\/v2\/pages\/34"}],"wp:featuredmedia":[{"embeddable":true,"href":"https:\/\/colloqueapnee.fr\/index.php\/wp-json\/wp\/v2\/media\/886"}],"wp:attachment":[{"href":"https:\/\/colloqueapnee.fr\/index.php\/wp-json\/wp\/v2\/media?parent=21"}],"curies":[{"name":"wp","href":"https:\/\/api.w.org\/{rel}","templated":true}]}}

<h5>Ce second colloque Apnée s&rsquo;adresse aux pratiquants apnéistes, passionnés ou occasionnels (venant de disciplines voisines comme la plongée bouteille, la chasse sous-marine&#8230;).</h5>
<p>Notre objectif est de vous proposer un programme varié, pour tous les goûts.</p>
<p>Et si une intervention ne vous intéresse pas, vous pourrez toujours faire un tour dans la zone des associations/structures commerciales Apnée à proximité.</p>
<h3><em>Thèmes abordés sur la journée Colloque (Samedi 20 avril, 9H &#8211; 19H) :</em></h3>
<h3>Du pointu et de la technicité</h3>
<p>&#8230;avec une championne et coach d&rsquo;un champion du monde (Chantal Marzin, organisatrice des prochains mondiaux AIDA, coach d’Abdelatif Alouach) qui nous vient de Corse pour partager sa passion et son expérience.<br />
Guillaume Lescure, entraîneur de nos athlètes de l&rsquo;équipe de France nous fera aussi partager sa démarche&#8230;</p>
<h3>Une plongée dans la physiologie</h3>
<p>&#8230;avec Marion Noulhaine, enseignante-chercheur à Paris, qui viendra nous parler du cerveau, des mécanismes adaptatifs à l’hypoxie et les voies de recherches sur ces thèmes très actuels.</p>
<h3>De quoi nous faire rêver un peu</h3>
<p>&#8230;avec de magnifiques clichés, vidéo en apnée ou d&rsquo;apnéistes avec Lord of Ocean et Tangui Le goff. Essentiellement autours des requins, un peu partout autours du globe, y compris en Bretagne.</p>
<h3>De la préparation physique et mentale pour tout un chacun</h3>
<p>&#8230;des informations pointues en préparation physique avec Nicolas Cogrel, ostéopathe, qui partagera le résultat de son étude sur des apnéistes. Ainsi que Théo Rouxel, Kiné qui fera un retour d&rsquo;expérience sur ses actions préparatoires lors de compétitions d&rsquo;apnée.</p>
<p>&#8230;un pas vers l&rsquo;auto-hypnose avec Hypnée. Sylvie Pouliquen nous guidera sur le chemin d&rsquo;une forme de préparation mentale !</p>
<h3>Et se remettre à jour</h3>
<p>&#8230;avec des éclairages sur la capacité à vos clubs et sections Apnée à s&rsquo;ouvrir à des publics variés comme le public Sport-Santé et/ou les personnes en situation de Handicap. Un éclairage particulier sera fait sur la notion inclusive qui permet cette intégration sans cadres spécifiques et aménagements lourds (par Sébastien Léon, co-rédacteur du cursus Handisub Apnée)</p>
<p>&#8230;avec des éléments précis de la part de notre médecin référent fédéral antidopage FFESSM sur la notion de dopage (en apnée ou autre discipline sportive) et les AUT (Autorisation d’Utilisation à des fins Thérapeutiques).</p>
<h3></h3>
<h3><em>Ateliers proposés le lendemain (le dimanche 21 avril) :<br />
</em></h3>
<h4><em>(reportez vous à la billetterie pour les frais de participation)</em></h4>
<ul>
<li>Accès à la <strong>Base de Plongée de Fougères</strong> et ses ateliers Apnée (environ 9H-13H).<br />
Accessible aux membres auto-encadrés d&rsquo;un club ou en inscriptions individuelles avec l&rsquo;encadrement de nos moniteurs du 35. (les clubs auto-encadrés resteront néanmoins sous la responsabilité d&rsquo;un moniteur du 35 qui agira en qualité de DP)</li>
<li>A la Maison des Sports de Rennes, avec Yannick Saluden (formateur Moving Limits)<br />
<strong>Atelier en salle sur la compensation avancée</strong> (12 places) de 8H00 à 10H30</li>
<li>A la fosse de Rennes, en partenariat avec le club CASAR, avec Yannick Saluden<br />
<strong>Application des éléments théoriques de compensation</strong> (8 places) de 11H00 à 13H00<br />
(seuls les participants à l&rsquo;atelier théorique peuvent venir à la pratique, mais 8 places seulement)</li>
<li>A la Maison des Sports de Rennes, avec des cadres Handisub<br />
<strong>Atelier sur le thème de l’accueil Handisub et Sport Santé et les pratiques inclusives</strong><br />
Partage de retours d&rsquo;expériences, discussions sur vos cas pratiques ou vos interrogations, etc&#8230;</li>
<li>A la Maison des Sports de Rennes, avec Sylvie Pouliquen de Hypnée<br />
<strong>Atelier cadre : 9H &#8211; 10H30 : Apprendre à animer une session de relaxation sous hypnose, techniques de visualisation et ancrages<br />
</strong>Public : encadrants ou futurs encadrants<br />
Nombre de places max : 14 ; Tarif Colloque : 32 €<br />
<strong>Atelier apneiste : 11H &#8211; 12H30 : Préparation mentale et auto-hypnose</strong><br />
Public : tous les apnéistes, quel que soit le niveau<br />
Nombre de places max : 20 ; Tarif Colloque : 26 €<br />
<a href="https://colloqueapnee.fr/index.php/sylvie-pouliquen-hypnee/">Plus d&rsquo;info sur la page Hypnée&#8230;</a></li>
</ul>

<p>Ce second colloque Apnée s&rsquo;adresse aux pratiquants apnéistes, passionnés ou occasionnels (venant de disciplines voisines comme la plongée bouteille, la&hellip; </p>
