{"id":186,"date":"2016-08-25T09:36:33","date_gmt":"2016-08-25T09:36:33","guid":{"rendered":"http:\/\/localhost\/wordpress\/event\/?page_id=186"},"modified":"2023-12-30T00:07:09","modified_gmt":"2023-12-29T23:07:09","slug":"contact","status":"publish","type":"page","link":"https:\/\/colloqueapnee.fr\/index.php\/contact\/","title":{"rendered":"Nous contacter"},"content":{"rendered":"<h6>Le colloque est organis\u00e9 par la Commission D\u00e9partementale Apn\u00e9e d&rsquo;Ille et Vilaine, entit\u00e9 du<br \/>\nComit\u00e9 D\u00e9partemental d&rsquo;Etude et de Sports Sous-Marins d&rsquo;Ille et Vilaine (dit aussi Codep35)<br \/>\nAdresse: Maison des sports, 13B Avenue de Cucill\u00e9 \u2013 35065 RENNES Cedex<br \/>\nSite web : <a href=\"http:\/\/ffessm35.fr\">http:\/\/ffessm35.fr<\/a><br \/>\nLire les <a href=\" https:\/\/colloqueapnee.fr\/index.php\/mentions-legales\/\">Mentions L\u00e9gales.<\/a><\/h6>\n<p>Le Codep 35 est une association loi de 1901 et les organisateurs de ce colloque sont des b\u00e9n\u00e9voles !<\/p>\n<hr \/>\n<h4>Pour toute information ou probl\u00e8me :<\/h4>\n<p>Vous pouvez contacter l&rsquo;\u00e9quipe s&rsquo;occupant du Colloque \u00e0 l&rsquo;adresse email suivante:<br \/>\n<a class=\"mail-link\" href=\"mai&#108;&#116;&#111;&#x3a;&#x63;&#x6f;&#x6e;&#x74;&#x61;ct&#64;&#99;&#111;&#108;&#108;&#x6f;&#x71;&#x75;&#x65;&#x61;&#x70;nee&#46;&#102;&#114;\">&#x63;&#x6f;&#110;t&#x61;&#x63;&#116;&#64;c&#x6f;&#x6c;&#108;o&#x71;&#x75;&#101;&#97;p&#x6e;&#x65;&#101;&#46;&#x66;&#x72;<\/a><\/p>\n","protected":false},"excerpt":{"rendered":"<p>Le colloque est organis\u00e9 par la Commission D\u00e9partementale Apn\u00e9e d&rsquo;Ille et Vilaine, entit\u00e9 du Comit\u00e9 D\u00e9partemental d&rsquo;Etude et de Sports&hellip; <\/p>\n","protected":false},"author":1,"featured_media":0,"parent":0,"menu_order":0,"comment_status":"closed","ping_status":"closed","template":"","meta":{"jetpack_post_was_ever_published":false,"footnotes":""},"jetpack_sharing_enabled":true,"jetpack_shortlink":"https:\/\/wp.me\/P9vMBa-30","_links":{"self":[{"href":"https:\/\/colloqueapnee.fr\/index.php\/wp-json\/wp\/v2\/pages\/186"}],"collection":[{"href":"https:\/\/colloqueapnee.fr\/index.php\/wp-json\/wp\/v2\/pages"}],"about":[{"href":"https:\/\/colloqueapnee.fr\/index.php\/wp-json\/wp\/v2\/types\/page"}],"author":[{"embeddable":true,"href":"https:\/\/colloqueapnee.fr\/index.php\/wp-json\/wp\/v2\/users\/1"}],"replies":[{"embeddable":true,"href":"https:\/\/colloqueapnee.fr\/index.php\/wp-json\/wp\/v2\/comments?post=186"}],"version-history":[{"count":17,"href":"https:\/\/colloqueapnee.fr\/index.php\/wp-json\/wp\/v2\/pages\/186\/revisions"}],"predecessor-version":[{"id":1084,"href":"https:\/\/colloqueapnee.fr\/index.php\/wp-json\/wp\/v2\/pages\/186\/revisions\/1084"}],"wp:attachment":[{"href":"https:\/\/colloqueapnee.fr\/index.php\/wp-json\/wp\/v2\/media?parent=186"}],"curies":[{"name":"wp","href":"https:\/\/api.w.org\/{rel}","templated":true}]}}

<h6>Le colloque est organisé par la Commission Départementale Apnée d&rsquo;Ille et Vilaine, entité du<br />
Comité Départemental d&rsquo;Etude et de Sports Sous-Marins d&rsquo;Ille et Vilaine (dit aussi Codep35)<br />
Adresse: Maison des sports, 13B Avenue de Cucillé – 35065 RENNES Cedex<br />
Site web : <a href="http://ffessm35.fr">http://ffessm35.fr</a><br />
Lire les <a href=" https://colloqueapnee.fr/index.php/mentions-legales/">Mentions Légales.</a></h6>
<p>Le Codep 35 est une association loi de 1901 et les organisateurs de ce colloque sont des bénévoles !</p>
<hr />
<h4>Pour toute information ou problème :</h4>
<p>Vous pouvez contacter l&rsquo;équipe s&rsquo;occupant du Colloque à l&rsquo;adresse email suivante:<br />
<a class="mail-link" href="mai&#108;&#116;&#111;&#x3a;&#x63;&#x6f;&#x6e;&#x74;&#x61;ct&#64;&#99;&#111;&#108;&#108;&#x6f;&#x71;&#x75;&#x65;&#x61;&#x70;nee&#46;&#102;&#114;">&#x63;&#x6f;&#110;t&#x61;&#x63;&#116;&#64;c&#x6f;&#x6c;&#108;o&#x71;&#x75;&#101;&#97;p&#x6e;&#x65;&#101;&#46;&#x66;&#x72;</a></p>

<p>Le colloque est organisé par la Commission Départementale Apnée d&rsquo;Ille et Vilaine, entité du Comité Départemental d&rsquo;Etude et de Sports&hellip; </p>
