{"id":1126,"date":"2024-02-08T23:41:59","date_gmt":"2024-02-08T22:41:59","guid":{"rendered":"https:\/\/colloqueapnee.fr\/?page_id=1126"},"modified":"2024-03-27T22:09:24","modified_gmt":"2024-03-27T21:09:24","slug":"sylvie-pouliquen-hypnee","status":"publish","type":"page","link":"https:\/\/colloqueapnee.fr\/index.php\/sylvie-pouliquen-hypnee\/","title":{"rendered":"Sylvie Pouliquen \/ Hypn\u00e9e"},"content":{"rendered":"<div class=\"wp-block-image\">\n<figure class=\"alignright size-full is-resized\"><img loading=\"lazy\" decoding=\"async\" width=\"414\" height=\"512\" src=\"https:\/\/colloqueapnee.fr\/wp-content\/uploads\/2024\/02\/s_pouliquen.jpg\" alt=\"\" class=\"wp-image-1183\" style=\"width:218px;height:auto\" srcset=\"https:\/\/colloqueapnee.fr\/wp-content\/uploads\/2024\/02\/s_pouliquen.jpg 414w, https:\/\/colloqueapnee.fr\/wp-content\/uploads\/2024\/02\/s_pouliquen-243x300.jpg 243w\" sizes=\"(max-width: 414px) 100vw, 414px\" \/><\/figure><\/div>\n\n\n<h2 class=\"wp-block-heading\">Sylvie est passionn\u00e9e d&rsquo;hypnose mais aussi de plong\u00e9e, d&rsquo;apn\u00e9e et d&rsquo;oc\u00e9an depuis toujours ! Reconnue dans son domaine, elle a fond\u00e9 Hypn\u00e9e et intervient aupr\u00e8s d&rsquo;un public de plus en plus large<\/h2>\n\n\n\n<p>Sylvie exerce \u00e0 la fois comme <strong>Pr\u00e9paratrice mentale, praticienne en hypnose et P.N.L.<\/strong>, <strong>monitrice de plong\u00e9e<\/strong> et <strong>\u00e9ducatrice sportive<\/strong>\u00a0et est \u00e9galement <strong>encadrante en apn\u00e9e<\/strong> dans un cadre b\u00e9n\u00e9vole o\u00f9 elle enseigne notamment la plong\u00e9e et l\u2019apn\u00e9e depuis plus de 15 ans.<br><br>Le samedi 20 avril, pendant le colloque, Sylvie vous propose de <strong>vivre une s\u00e9ance d&rsquo;hypnose collective<\/strong> pour ancrer une sensation de relaxation profonde pour ressentir plus de bien-\u00eatre et de confort pour vos futures apn\u00e9es.<\/p>\n\n\n\n<p>Venez d\u00e9couvrir ces \u00e9l\u00e9ments enrichissants autant pour une pratique club qu&rsquo;\u00e0 titre individuel.<\/p>\n\n\n<div class=\"wp-block-image\">\n<figure class=\"aligncenter size-full is-resized\"><img loading=\"lazy\" decoding=\"async\" width=\"479\" height=\"433\" src=\"https:\/\/colloqueapnee.fr\/wp-content\/uploads\/2024\/02\/hypnee_bassin_s.jpg\" alt=\"\" class=\"wp-image-1188\" style=\"width:446px;height:auto\" srcset=\"https:\/\/colloqueapnee.fr\/wp-content\/uploads\/2024\/02\/hypnee_bassin_s.jpg 479w, https:\/\/colloqueapnee.fr\/wp-content\/uploads\/2024\/02\/hypnee_bassin_s-300x271.jpg 300w\" sizes=\"(max-width: 479px) 100vw, 479px\" \/><\/figure><\/div>\n\n\n<p>Le lendemain, (le dimanche 21 au matin) \u00e0 <strong>la Maison des Sports de Rennes<\/strong>, Sylvie vous invite \u00e0 participer \u00e0 <strong>deux ateliers<\/strong> pour vous apprendre \u00e0 mieux vous rel\u00e2cher pendant vos apn\u00e9es ou, si vous \u00eates encadrant, \u00e0 aider vos \u00e9l\u00e8ves \u00e0 mieux se rel\u00e2cher par les ateliers suivants :<\/p>\n\n\n\n<p><strong>Atelier &nbsp;cadre : 9H \u2013 10H30 : Apprendre \u00e0 animer une session de relaxation sous hypnose, techniques de visualisation et ancrages<\/strong><br>Pour <strong>les encadrants ou futurs encadrants <\/strong>d\u00e9sireux d\u2019animer <strong>avec confiance<\/strong> des s\u00e9ances de pr\u00e9paration mentale \u00e0 l\u2019apn\u00e9e pour vos \u00e9l\u00e8ves.<br><em>Attention&nbsp;: places limit\u00e9es \u00e0 14 participants maximum<br>Tarif colloque&nbsp;: 34 \u20ac (r\u00e9servation en zone Billetterie du Colloque)<br><\/em>Je vous propose lors de cet atelier de plonger au c\u0153ur de votre inconscient et de celui de vos \u00e9l\u00e8ves pour vous permettre de savoir guider, en confiance, une s\u00e9ance de relaxation sous hypnose en pr\u00e9paration d\u2019une s\u00e9ance d\u2019apn\u00e9e.<\/p>\n\n\n<div class=\"wp-block-image\">\n<figure class=\"aligncenter size-full is-resized\"><img loading=\"lazy\" decoding=\"async\" width=\"640\" height=\"480\" src=\"https:\/\/colloqueapnee.fr\/wp-content\/uploads\/2024\/02\/hypnee_groupe.jpeg\" alt=\"\" class=\"wp-image-1185\" style=\"width:475px;height:auto\" srcset=\"https:\/\/colloqueapnee.fr\/wp-content\/uploads\/2024\/02\/hypnee_groupe.jpeg 640w, https:\/\/colloqueapnee.fr\/wp-content\/uploads\/2024\/02\/hypnee_groupe-300x225.jpeg 300w\" sizes=\"(max-width: 640px) 100vw, 640px\" \/><\/figure><\/div>\n\n\n<p><strong>Atelier Apn\u00e9iste&nbsp;: <strong>11H \u2013 12H30 : Pr\u00e9paration mentale et auto-hypnose<\/strong><\/strong><br>Pour <strong>tous apn\u00e9istes et plongeurs<\/strong>, quel que soit votre niveau, si vous \u00eates d\u00e9sireux de mieux vous pr\u00e9parer mentalement avant l\u2019apn\u00e9e.<br><em>Attention&nbsp;: places limit\u00e9es \u00e0 20 participants maximum<br>Tarif colloque&nbsp;: 26 \u20ac <em>(r\u00e9servation en zone Billetterie du Colloque)<\/em><br><\/em>Je vous propose d\u2019acqu\u00e9rir lors de cet atelier des techniques de pr\u00e9paration mentale et d\u2019auto-hypnose simples et faciles \u00e0 reproduire seul(e) pour l\u2019apn\u00e9e, la plong\u00e9e et d\u2019autres activit\u00e9s sportives et m\u00eame dans votre vie en g\u00e9n\u00e9ral&nbsp;!<\/p>\n\n\n\n<p>Ces outils sont utiles quelle que soit votre discipline de pr\u00e9dilection&nbsp;: statique, dynamique ou profondeur. Ils vous permettent d\u2019augmenter votre capacit\u00e9 \u00e0 l\u00e2cher-prise pour plus de bien-\u00eatre et de performance sous l\u2019eau.<\/p>\n","protected":false},"excerpt":{"rendered":"<p>Sylvie est passionn\u00e9e d&rsquo;hypnose mais aussi de plong\u00e9e, d&rsquo;apn\u00e9e et d&rsquo;oc\u00e9an depuis toujours ! Reconnue dans son domaine, elle a&hellip; <\/p>\n","protected":false},"author":1,"featured_media":1127,"parent":0,"menu_order":0,"comment_status":"closed","ping_status":"closed","template":"","meta":{"jetpack_post_was_ever_published":false,"footnotes":""},"jetpack_sharing_enabled":true,"jetpack_shortlink":"https:\/\/wp.me\/P9vMBa-ia","_links":{"self":[{"href":"https:\/\/colloqueapnee.fr\/index.php\/wp-json\/wp\/v2\/pages\/1126"}],"collection":[{"href":"https:\/\/colloqueapnee.fr\/index.php\/wp-json\/wp\/v2\/pages"}],"about":[{"href":"https:\/\/colloqueapnee.fr\/index.php\/wp-json\/wp\/v2\/types\/page"}],"author":[{"embeddable":true,"href":"https:\/\/colloqueapnee.fr\/index.php\/wp-json\/wp\/v2\/users\/1"}],"replies":[{"embeddable":true,"href":"https:\/\/colloqueapnee.fr\/index.php\/wp-json\/wp\/v2\/comments?post=1126"}],"version-history":[{"count":9,"href":"https:\/\/colloqueapnee.fr\/index.php\/wp-json\/wp\/v2\/pages\/1126\/revisions"}],"predecessor-version":[{"id":1196,"href":"https:\/\/colloqueapnee.fr\/index.php\/wp-json\/wp\/v2\/pages\/1126\/revisions\/1196"}],"wp:featuredmedia":[{"embeddable":true,"href":"https:\/\/colloqueapnee.fr\/index.php\/wp-json\/wp\/v2\/media\/1127"}],"wp:attachment":[{"href":"https:\/\/colloqueapnee.fr\/index.php\/wp-json\/wp\/v2\/media?parent=1126"}],"curies":[{"name":"wp","href":"https:\/\/api.w.org\/{rel}","templated":true}]}}

Sylvie Pouliquen / Hypnée

<div class="wp-block-image">
<figure class="alignright size-full is-resized"><img loading="lazy" decoding="async" width="414" height="512" src="https://colloqueapnee.fr/wp-content/uploads/2024/02/s_pouliquen.jpg" alt="" class="wp-image-1183" style="width:218px;height:auto" srcset="https://colloqueapnee.fr/wp-content/uploads/2024/02/s_pouliquen.jpg 414w, https://colloqueapnee.fr/wp-content/uploads/2024/02/s_pouliquen-243x300.jpg 243w" sizes="(max-width: 414px) 100vw, 414px" /></figure></div>


<h2 class="wp-block-heading">Sylvie est passionnée d&rsquo;hypnose mais aussi de plongée, d&rsquo;apnée et d&rsquo;océan depuis toujours ! Reconnue dans son domaine, elle a fondé Hypnée et intervient auprès d&rsquo;un public de plus en plus large</h2>



<p>Sylvie exerce à la fois comme <strong>Préparatrice mentale, praticienne en hypnose et P.N.L.</strong>, <strong>monitrice de plongée</strong> et <strong>éducatrice sportive</strong> et est également <strong>encadrante en apnée</strong> dans un cadre bénévole où elle enseigne notamment la plongée et l’apnée depuis plus de 15 ans.<br><br>Le samedi 20 avril, pendant le colloque, Sylvie vous propose de <strong>vivre une séance d&rsquo;hypnose collective</strong> pour ancrer une sensation de relaxation profonde pour ressentir plus de bien-être et de confort pour vos futures apnées.</p>



<p>Venez découvrir ces éléments enrichissants autant pour une pratique club qu&rsquo;à titre individuel.</p>


<div class="wp-block-image">
<figure class="aligncenter size-full is-resized"><img loading="lazy" decoding="async" width="479" height="433" src="https://colloqueapnee.fr/wp-content/uploads/2024/02/hypnee_bassin_s.jpg" alt="" class="wp-image-1188" style="width:446px;height:auto" srcset="https://colloqueapnee.fr/wp-content/uploads/2024/02/hypnee_bassin_s.jpg 479w, https://colloqueapnee.fr/wp-content/uploads/2024/02/hypnee_bassin_s-300x271.jpg 300w" sizes="(max-width: 479px) 100vw, 479px" /></figure></div>


<p>Le lendemain, (le dimanche 21 au matin) à <strong>la Maison des Sports de Rennes</strong>, Sylvie vous invite à participer à <strong>deux ateliers</strong> pour vous apprendre à mieux vous relâcher pendant vos apnées ou, si vous êtes encadrant, à aider vos élèves à mieux se relâcher par les ateliers suivants :</p>



<p><strong>Atelier &nbsp;cadre : 9H – 10H30 : Apprendre à animer une session de relaxation sous hypnose, techniques de visualisation et ancrages</strong><br>Pour <strong>les encadrants ou futurs encadrants </strong>désireux d’animer <strong>avec confiance</strong> des séances de préparation mentale à l’apnée pour vos élèves.<br><em>Attention&nbsp;: places limitées à 14 participants maximum<br>Tarif colloque&nbsp;: 34 € (réservation en zone Billetterie du Colloque)<br></em>Je vous propose lors de cet atelier de plonger au cœur de votre inconscient et de celui de vos élèves pour vous permettre de savoir guider, en confiance, une séance de relaxation sous hypnose en préparation d’une séance d’apnée.</p>


<div class="wp-block-image">
<figure class="aligncenter size-full is-resized"><img loading="lazy" decoding="async" width="640" height="480" src="https://colloqueapnee.fr/wp-content/uploads/2024/02/hypnee_groupe.jpeg" alt="" class="wp-image-1185" style="width:475px;height:auto" srcset="https://colloqueapnee.fr/wp-content/uploads/2024/02/hypnee_groupe.jpeg 640w, https://colloqueapnee.fr/wp-content/uploads/2024/02/hypnee_groupe-300x225.jpeg 300w" sizes="(max-width: 640px) 100vw, 640px" /></figure></div>


<p><strong>Atelier Apnéiste&nbsp;: <strong>11H – 12H30 : Préparation mentale et auto-hypnose</strong></strong><br>Pour <strong>tous apnéistes et plongeurs</strong>, quel que soit votre niveau, si vous êtes désireux de mieux vous préparer mentalement avant l’apnée.<br><em>Attention&nbsp;: places limitées à 20 participants maximum<br>Tarif colloque&nbsp;: 26 € <em>(réservation en zone Billetterie du Colloque)</em><br></em>Je vous propose d’acquérir lors de cet atelier des techniques de préparation mentale et d’auto-hypnose simples et faciles à reproduire seul(e) pour l’apnée, la plongée et d’autres activités sportives et même dans votre vie en général&nbsp;!</p>



<p>Ces outils sont utiles quelle que soit votre discipline de prédilection&nbsp;: statique, dynamique ou profondeur. Ils vous permettent d’augmenter votre capacité à lâcher-prise pour plus de bien-être et de performance sous l’eau.</p>

<p>Sylvie est passionnée d&rsquo;hypnose mais aussi de plongée, d&rsquo;apnée et d&rsquo;océan depuis toujours ! Reconnue dans son domaine, elle a&hellip; </p>
